11042 a multiple of 25?
False
Is 44 a factor of 5394664?
True
Does 7 divide 2052610?
True
Is 62274 a multiple of 321?
True
Does 12 divide 236366?
False
Is 474205 a multiple of 37?
False
Is 38 a factor of 238125?
False
Is 41 a factor of 9796?
False
Does 271 divide 2651193?
True
Does 487 divide 155353?
True
Is 666 a factor of 472952?
False
Does 40 divide 467920?
True
Does 4 divide 1524?
True
Does 356 divide 806696?
True
Is 1192030 a multiple of 11?
False
Is 17 a factor of 1474516?
False
Is 12 a factor of 293688?
True
Is 100 a factor of 22200?
True
Is 4144862 a multiple of 497?
False
Does 49 divide 92267?
True
Is 108 a factor of 634068?
True
Is 7 a factor of 356926?
False
Is 6789570 a multiple of 454?
True
Is 16 a factor of 363264?
True
Is 13 a factor of 138699?
False
Is 8976584 a multiple of 22?
False
Does 93 divide 3905907?
True
Is 89971 a multiple of 7?
True
Is 13824 a multiple of 11?
False
Is 24 a factor of 366960?
True
Is 6 a factor of 1018163?
False
Does 51 divide 526449?
False
Does 7 divide 17556?
True
Does 1621 divide 13943192?
False
Is 651998 a multiple of 25?
False
Is 1986215 a multiple of 11?
True
Is 10528 a multiple of 5?
False
Is 1050741 a multiple of 313?
True
Is 643299 a multiple of 50?
False
Does 206 divide 392636?
True
Is 1335139 a multiple of 139?
False
Is 5 a factor of 71830?
True
Does 3 divide 4357005?
True
Does 141 divide 393538?
False
Is 129234 a multiple of 238?
True
Is 44 a factor of 117084?
True
Is 32 a factor of 1984?
True
Does 474 divide 275868?
True
Does 30 divide 1957673?
False
Does 92 divide 533324?
True
Is 7192 a multiple of 232?
True
Is 43852 a multiple of 88?
False
Is 1180 a factor of 22920320?
True
Does 262 divide 174754?
True
Does 83 divide 7321196?
False
Does 18 divide 42124099?
False
Does 116 divide 2827964?
True
Is 8 a factor of 1670258?
False
Is 440076 a multiple of 372?
True
Is 11924 a multiple of 44?
True
Does 28 divide 286216?
True
Does 169 divide 15984020?
True
Is 25 a factor of 196085?
False
Is 37 a factor of 8779292?
False
Does 23 divide 2119609?
False
Does 8 divide 7620791?
False
Is 272832 a multiple of 224?
True
Is 14 a factor of 101270?
False
Does 21 divide 599602?
False
Is 31 a factor of 2607104?
False
Is 46 a factor of 128524?
True
Does 371 divide 370093?
False
Is 6 a factor of 1418202?
True
Does 29 divide 112636?
True
Is 208 a factor of 1523600?
True
Does 7 divide 1352347?
False
Does 200 divide 242476?
False
Is 1973490 a multiple of 115?
False
Is 32 a factor of 135958?
False
Is 392 a factor of 3048683?
False
Is 55 a factor of 3581820?
True
Is 280 a factor of 2024260?
False
Is 52 a factor of 286988?
True
Is 12 a factor of 27000?
True
Does 22 divide 7197124?
True
Does 8 divide 124750?
False
Does 20 divide 80834?
False
Is 122775 a multiple of 9?
False
Is 76823 a multiple of 37?
False
Is 186 a factor of 131138?
False
Is 809370 a multiple of 255?
True
Does 167 divide 178759?
False
Is 262 a factor of 155578?
False
Is 187225 a multiple of 2?
False
Does 280 divide 5931800?
True
Is 129054 a multiple of 411?
True
Does 35 divide 1181024?
False
Is 15 a factor of 1012110?
True
Is 3403869 a multiple of 423?
False
Is 80 a factor of 81680?
True
Does 969 divide 3507167?
False
Is 49 a factor of 3532132?
False
Does 9 divide 32955?
False
Is 5872227 a multiple of 27?
False
Is 19 a factor of 168140?
False
Does 56 divide 780241?
False
Is 416745 a multiple of 135?
True
Is 49242 a multiple of 18?
False
Is 20 a factor of 17448679?
False
Does 6 divide 65178?
True
Is 11 a factor of 103451?
False
Is 15 a factor of 2966446?
False
Is 442076 a multiple of 32?
False
Does 5 divide 1211130?
True
Is 681 a factor of 1297155?
False
Is 6387604 a multiple of 1382?
True
Is 16 a factor of 334963?
False
Is 2981510 a multiple of 315?
False
Is 378286 a multiple of 74?
False
Does 42 divide 378672?
True
Is 904727 a multiple of 389?
False
Is 3 a factor of 492786?
True
Is 30 a factor of 194659?
False
Is 15675594 a multiple of 66?
True
Does 196 divide 24217?
False
Does 26 divide 135668?
True
Is 185490 a multiple of 687?
True
Is 13 a factor of 396643?
True
Is 15604 a multiple of 188?
True
Is 60385 even?
False
Is 221766 a multiple of 142?
False
Is 24 a factor of 16667568?
True
Is 133764 a multiple of 157?
True
Is 20209603 a multiple of 73?
False
Does 1789 divide 23206908?
True
Is 10 a factor of 1080682?
False
Does 20 divide 10013851?
False
Does 29 divide 508813?
False
Does 7 divide 3575671?
False
Is 10392563 a multiple of 26?
False
Does 45 divide 204030?
True
Does 224 divide 70336?
True
Is 3082995 a multiple of 123?
True
Is 7470588 a multiple of 907?
False
Is 29328 a multiple of 8?
True
Does 17 divide 124644?
True
Does 527 divide 4782305?
False
Is 242 a factor of 328294?
False
Is 662 a factor of 834782?
True
Is 1473799 a multiple of 23?
False
Is 2 a factor of 844310?
True
Is 40 a factor of 10851840?
True
Does 50 divide 417818?
False
Does 265 divide 73847?
False
Is 12 a factor of 25700?
False
Is 124474 a multiple of 6?
False
Does 35 divide 2909655?
True
Is 981 a factor of 466696?
False
Is 307 a factor of 907799?
True
Is 884056 a multiple of 118?
True
Does 66 divide 433553?
False
Is 175 a factor of 837386?
False
Does 84 divide 277872?
True
Does 20 divide 279533?
False
Does 1250 divide 803750?
True
Does 30 divide 192683?
False
Is 20 a factor of 106200?
True
Is 6208881 a multiple of 51?
False
Is 34 a factor of 5107495?
False
Is 86400 a multiple of 50?
True
Is 373 a factor of 278258?
True
Does 9 divide 3411900?
True
Is 159300 a multiple of 236?
True
Is 5804118 a multiple of 150?
False
Is 44 a factor of 203940?
True
Is 237075 a multiple of 29?
True
Is 255 a factor of 7995780?
True
Is 14 a factor of 3857997?
False
Is 844710 a multiple of 10?
True
Is 126648 a multiple of 83?
False
Does 86 divide 3901820?
True
Is 6125372 a multiple of 17?
True
Does 153 divide 96849?
True
Does 14 divide 115472?
True
Is 231286 a multiple of 87?
False
Is 1885 a multiple of 14?
False
Does 339 divide 4898889?
True
Is 176463 a multiple of 21?
True
Is 453800 a multiple of 25?
True
Does 44 divide 399916?
True
Is 21 a factor of 440237?
False
Is 19 a factor of 1186436?
True
Is 15585 a multiple of 106?
False
Is 471202 a multiple of 4?
False
Is 652830 a multiple of 17?
False
Does 5 divide 8721114?
False
Does 24 divide 17199888?
True
Is 22 a factor of 261382?
True
Is 1122 a factor of 1133220?
True
Is 140 a factor of 6061?
False
Is 41486 a multiple of 3?
False
Is 10880104 a multiple of 116?
True
Does 367 divide 33989?
False
Is 23 a factor of 11556442?
True
Is 306 a factor of 91783?
False
Does 21 divide 195888?
True
Is 3 a factor of 653829?
True
Is 422 a factor of 49888?
False
Is 28 a factor of 50764?
True
Is 12 a factor of 183146?
False
Is 2258440 a multiple of 20?
True
Is 3812032 a multiple of 20?
False
Does 246 divide 1855813?
False
Is 23788 a multiple of 38?
True
Is 489578 a multiple of 58?
True
Does 23 divide 122337?
True
Is 2825409 a multiple of 96?
False
Does 2 divide 447200?
True
Is 318660 a multiple of 113?
True
Is 487702 a multiple of 18?
False
Does 10 divide 85270?
True
Is 354718 a multiple of 16?
False
Is 61 a factor of 7603381?
False
Is 25 a factor of 2590375?
True
Is 111819 a multiple of 85?
False
Is 57005 a multiple of 18?
False
Is 4627296 a multiple of 96?
True
Does 119 divide 423056?
False
Is 5571520 a multiple of 23?
True
Is 123 a factor of 227673?
True
Does 53 divide 37789?
True
Is 52080 a multiple of 3?
True
Is 509557 a multiple of 575?
False
Is 8 a factor of 12391624?
True
Does 10 divide 1589010?
True
Is 15 a factor of 292529?
False
Does 19 divide 11876?
False
Does 65 divide 596700?
True
Is 447422 a multiple of 12?
False
Does 1677 divide 2609412?
True
Is 170 a factor of 317560?
True
Is 158793 a multiple of 162?
False
Is 33 a factor of 144738?
True
Does 96 divide 10246?
False
Does 12 divide 4432869?
False
Is 789750 a multiple of 27?
True
Is 41446 a multiple of 106?
True
Does 5 divide 57208?
False
Is 43 a factor of 191086?
False
Does 138 divide 294354?
True
Is 63 a factor of 182973?
False
Is 220580 a multiple of 20?
True
Is 15458814 a multiple of 202?
False
Is 14 a factor of 46214?
True
Does 13 divide 11907467?
True
Is 3233574 a multiple of 1542?
True
Does 3 divide 2589?
True
Is 12 a factor of 71280?
True
Is 281320 a multiple of 40?
True
Is 56 a factor of 723520?
